{"id":231,"date":"2024-06-05T15:30:33","date_gmt":"2024-06-05T15:30:33","guid":{"rendered":"https:\/\/denkraum42.de\/?page_id=231"},"modified":"2024-06-05T15:30:34","modified_gmt":"2024-06-05T15:30:34","slug":"team-lernen","status":"publish","type":"page","link":"https:\/\/denkraum42.de\/?page_id=231","title":{"rendered":"Team Lernen"},"content":{"rendered":"\n<p>Team lernen hei\u00dft, sich auf ein echtes gemeinsames Denken einzulassen. Es beginnt mit der eigenen Dialog-F\u00e4higkeit. F\u00fcr die Griechen bedeutete <em>dia logos<\/em>, das ungehinderte Fluten von Sinn, von Bedeutung in einer Gruppe, wodurch diese zu Einsichten gelangen kann, die dem Einzelnen verschlossen sind. <\/p>\n\n\n\n<p>Der Dialog ist dabei klar zu unterscheiden von den h\u00e4ufig stattfindenden Diskussionen, bei denen es lediglich darum geht, Argumente hin- und herzuwerfen, bis einer den Wettstreit gewonnen hat.<\/p>\n\n\n\n<p>Zur Disziplin des Team Lernens geh\u00f6rt auch, dass man bestimmte Interaktionsstrukturen erkennt, die das Lernen im Team behindern. Wenn man diese erkennt und auch lernt sich kreativ damit auseinanderzusetzen, k\u00f6nnen sie das Lernen zus\u00e4tzlich vorantreiben.<\/p>\n\n\n\n<p>Konflikte werden in dieser Disziplin positiv gesehen und man entwickelt eine gute, fast mediative Umgangsform mit Konflikten. Schlie\u00dflich geh\u00f6ren auch diese zu unserem integralen Lernprozess.<\/p>\n\n\n\n<p><\/p>\n","protected":false},"excerpt":{"rendered":"<p>Team lernen hei\u00dft, sich auf ein echtes gemeinsames Denken einzulassen. Es beginnt mit der eigenen Dialog-F\u00e4higkeit. F\u00fcr die Griechen bedeutete dia logos, das ungehinderte Fluten von Sinn, von Bedeutung in einer Gruppe, wodurch diese zu Einsichten gelangen kann, die dem Einzelnen verschlossen sind. Der Dialog ist dabei klar zu unterscheiden von den h\u00e4ufig stattfindenden Diskussionen, &hellip; <\/p>\n<p class=\"link-more\"><a href=\"https:\/\/denkraum42.de\/?page_id=231\" class=\"more-link\"><span class=\"screen-reader-text\">\u201eTeam Lernen\u201c<\/span> weiterlesen<\/a><\/p>\n","protected":false},"author":1,"featured_media":210,"parent":0,"menu_order":0,"comment_status":"closed","ping_status":"closed","template":"","meta":{"footnotes":""},"class_list":["post-231","page","type-page","status-publish","has-post-thumbnail","hentry"],"yoast_head":"<!-- This site is optimized with the Yoast SEO plugin v22.6 - https:\/\/yoast.com\/wordpress\/plugins\/seo\/ -->\n<title>Team Lernen - Denkraum 42<\/title>\n<meta name=\"description\" content=\"Team lernen hei\u00dft, sich auf ein echtes gemeinsames Denken einzulassen. Es beginnt mit der eigenen Dialog-F\u00e4higkeit.\" \/>\n<meta name=\"robots\" content=\"index, follow, max-snippet:-1, max-image-preview:large, max-video-preview:-1\" \/>\n<link rel=\"canonical\" href=\"https:\/\/denkraum42.de\/?page_id=231\" \/>\n<meta property=\"og:locale\" content=\"de_DE\" \/>\n<meta property=\"og:type\" content=\"article\" \/>\n<meta property=\"og:title\" content=\"Team Lernen - Denkraum 42\" \/>\n<meta property=\"og:description\" content=\"Team lernen hei\u00dft, sich auf ein echtes gemeinsames Denken einzulassen. Es beginnt mit der eigenen Dialog-F\u00e4higkeit.\" \/>\n<meta property=\"og:url\" content=\"https:\/\/denkraum42.de\/?page_id=231\" \/>\n<meta property=\"og:site_name\" content=\"Denkraum 42\" \/>\n<meta property=\"article:modified_time\" content=\"2024-06-05T15:30:34+00:00\" \/>\n<meta property=\"og:image\" content=\"https:\/\/denkraum42.de\/wp-content\/uploads\/2024\/06\/team-386673_1280.jpg\" \/>\n\t<meta property=\"og:image:width\" content=\"1280\" \/>\n\t<meta property=\"og:image:height\" content=\"960\" \/>\n\t<meta property=\"og:image:type\" content=\"image\/jpeg\" \/>\n<meta name=\"twitter:card\" content=\"summary_large_image\" \/>\n<meta name=\"twitter:label1\" content=\"Gesch\u00e4tzte Lesezeit\" \/>\n\t<meta name=\"twitter:data1\" content=\"1\u00a0Minute\" \/>\n<script type=\"application\/ld+json\" class=\"yoast-schema-graph\">{\"@context\":\"https:\/\/schema.org\",\"@graph\":[{\"@type\":\"WebPage\",\"@id\":\"https:\/\/denkraum42.de\/?page_id=231\",\"url\":\"https:\/\/denkraum42.de\/?page_id=231\",\"name\":\"Team Lernen - Denkraum 42\",\"isPartOf\":{\"@id\":\"https:\/\/denkraum42.de\/#website\"},\"primaryImageOfPage\":{\"@id\":\"https:\/\/denkraum42.de\/?page_id=231#primaryimage\"},\"image\":{\"@id\":\"https:\/\/denkraum42.de\/?page_id=231#primaryimage\"},\"thumbnailUrl\":\"https:\/\/denkraum42.de\/wp-content\/uploads\/2024\/06\/team-386673_1280.jpg\",\"datePublished\":\"2024-06-05T15:30:33+00:00\",\"dateModified\":\"2024-06-05T15:30:34+00:00\",\"description\":\"Team lernen hei\u00dft, sich auf ein echtes gemeinsames Denken einzulassen. Es beginnt mit der eigenen Dialog-F\u00e4higkeit.\",\"breadcrumb\":{\"@id\":\"https:\/\/denkraum42.de\/?page_id=231#breadcrumb\"},\"inLanguage\":\"de\",\"potentialAction\":[{\"@type\":\"ReadAction\",\"target\":[\"https:\/\/denkraum42.de\/?page_id=231\"]}]},{\"@type\":\"ImageObject\",\"inLanguage\":\"de\",\"@id\":\"https:\/\/denkraum42.de\/?page_id=231#primaryimage\",\"url\":\"https:\/\/denkraum42.de\/wp-content\/uploads\/2024\/06\/team-386673_1280.jpg\",\"contentUrl\":\"https:\/\/denkraum42.de\/wp-content\/uploads\/2024\/06\/team-386673_1280.jpg\",\"width\":1280,\"height\":960,\"caption\":\"Teamlernen\"},{\"@type\":\"BreadcrumbList\",\"@id\":\"https:\/\/denkraum42.de\/?page_id=231#breadcrumb\",\"itemListElement\":[{\"@type\":\"ListItem\",\"position\":1,\"name\":\"Startseite\",\"item\":\"https:\/\/denkraum42.de\/\"},{\"@type\":\"ListItem\",\"position\":2,\"name\":\"Team Lernen\"}]},{\"@type\":\"WebSite\",\"@id\":\"https:\/\/denkraum42.de\/#website\",\"url\":\"https:\/\/denkraum42.de\/\",\"name\":\"Denkraum 42\",\"description\":\"Echte Transformation und integraler Wandel. Entwicklung evolution\u00e4r gestalten.\",\"publisher\":{\"@id\":\"https:\/\/denkraum42.de\/#organization\"},\"potentialAction\":[{\"@type\":\"SearchAction\",\"target\":{\"@type\":\"EntryPoint\",\"urlTemplate\":\"https:\/\/denkraum42.de\/?s={search_term_string}\"},\"query-input\":\"required name=search_term_string\"}],\"inLanguage\":\"de\"},{\"@type\":\"Organization\",\"@id\":\"https:\/\/denkraum42.de\/#organization\",\"name\":\"Denkraum 42\",\"url\":\"https:\/\/denkraum42.de\/\",\"logo\":{\"@type\":\"ImageObject\",\"inLanguage\":\"de\",\"@id\":\"https:\/\/denkraum42.de\/#\/schema\/logo\/image\/\",\"url\":\"https:\/\/denkraum42.de\/wp-content\/uploads\/2024\/05\/cropped-cropped-triskell-1193998_1920.png\",\"contentUrl\":\"https:\/\/denkraum42.de\/wp-content\/uploads\/2024\/05\/cropped-cropped-triskell-1193998_1920.png\",\"width\":250,\"height\":250,\"caption\":\"Denkraum 42\"},\"image\":{\"@id\":\"https:\/\/denkraum42.de\/#\/schema\/logo\/image\/\"}}]}<\/script>\n<!-- \/ Yoast SEO plugin. -->","yoast_head_json":{"title":"Team Lernen - Denkraum 42","description":"Team lernen hei\u00dft, sich auf ein echtes gemeinsames Denken einzulassen. Es beginnt mit der eigenen Dialog-F\u00e4higkeit.","robots":{"index":"index","follow":"follow","max-snippet":"max-snippet:-1","max-image-preview":"max-image-preview:large","max-video-preview":"max-video-preview:-1"},"canonical":"https:\/\/denkraum42.de\/?page_id=231","og_locale":"de_DE","og_type":"article","og_title":"Team Lernen - Denkraum 42","og_description":"Team lernen hei\u00dft, sich auf ein echtes gemeinsames Denken einzulassen. Es beginnt mit der eigenen Dialog-F\u00e4higkeit.","og_url":"https:\/\/denkraum42.de\/?page_id=231","og_site_name":"Denkraum 42","article_modified_time":"2024-06-05T15:30:34+00:00","og_image":[{"width":1280,"height":960,"url":"https:\/\/denkraum42.de\/wp-content\/uploads\/2024\/06\/team-386673_1280.jpg","type":"image\/jpeg"}],"twitter_card":"summary_large_image","twitter_misc":{"Gesch\u00e4tzte Lesezeit":"1\u00a0Minute"},"schema":{"@context":"https:\/\/schema.org","@graph":[{"@type":"WebPage","@id":"https:\/\/denkraum42.de\/?page_id=231","url":"https:\/\/denkraum42.de\/?page_id=231","name":"Team Lernen - Denkraum 42","isPartOf":{"@id":"https:\/\/denkraum42.de\/#website"},"primaryImageOfPage":{"@id":"https:\/\/denkraum42.de\/?page_id=231#primaryimage"},"image":{"@id":"https:\/\/denkraum42.de\/?page_id=231#primaryimage"},"thumbnailUrl":"https:\/\/denkraum42.de\/wp-content\/uploads\/2024\/06\/team-386673_1280.jpg","datePublished":"2024-06-05T15:30:33+00:00","dateModified":"2024-06-05T15:30:34+00:00","description":"Team lernen hei\u00dft, sich auf ein echtes gemeinsames Denken einzulassen. Es beginnt mit der eigenen Dialog-F\u00e4higkeit.","breadcrumb":{"@id":"https:\/\/denkraum42.de\/?page_id=231#breadcrumb"},"inLanguage":"de","potentialAction":[{"@type":"ReadAction","target":["https:\/\/denkraum42.de\/?page_id=231"]}]},{"@type":"ImageObject","inLanguage":"de","@id":"https:\/\/denkraum42.de\/?page_id=231#primaryimage","url":"https:\/\/denkraum42.de\/wp-content\/uploads\/2024\/06\/team-386673_1280.jpg","contentUrl":"https:\/\/denkraum42.de\/wp-content\/uploads\/2024\/06\/team-386673_1280.jpg","width":1280,"height":960,"caption":"Teamlernen"},{"@type":"BreadcrumbList","@id":"https:\/\/denkraum42.de\/?page_id=231#breadcrumb","itemListElement":[{"@type":"ListItem","position":1,"name":"Startseite","item":"https:\/\/denkraum42.de\/"},{"@type":"ListItem","position":2,"name":"Team Lernen"}]},{"@type":"WebSite","@id":"https:\/\/denkraum42.de\/#website","url":"https:\/\/denkraum42.de\/","name":"Denkraum 42","description":"Echte Transformation und integraler Wandel. Entwicklung evolution\u00e4r gestalten.","publisher":{"@id":"https:\/\/denkraum42.de\/#organization"},"potentialAction":[{"@type":"SearchAction","target":{"@type":"EntryPoint","urlTemplate":"https:\/\/denkraum42.de\/?s={search_term_string}"},"query-input":"required name=search_term_string"}],"inLanguage":"de"},{"@type":"Organization","@id":"https:\/\/denkraum42.de\/#organization","name":"Denkraum 42","url":"https:\/\/denkraum42.de\/","logo":{"@type":"ImageObject","inLanguage":"de","@id":"https:\/\/denkraum42.de\/#\/schema\/logo\/image\/","url":"https:\/\/denkraum42.de\/wp-content\/uploads\/2024\/05\/cropped-cropped-triskell-1193998_1920.png","contentUrl":"https:\/\/denkraum42.de\/wp-content\/uploads\/2024\/05\/cropped-cropped-triskell-1193998_1920.png","width":250,"height":250,"caption":"Denkraum 42"},"image":{"@id":"https:\/\/denkraum42.de\/#\/schema\/logo\/image\/"}}]}},"_links":{"self":[{"href":"https:\/\/denkraum42.de\/index.php?rest_route=\/wp\/v2\/pages\/231","targetHints":{"allow":["GET"]}}],"collection":[{"href":"https:\/\/denkraum42.de\/index.php?rest_route=\/wp\/v2\/pages"}],"about":[{"href":"https:\/\/denkraum42.de\/index.php?rest_route=\/wp\/v2\/types\/page"}],"author":[{"embeddable":true,"href":"https:\/\/denkraum42.de\/index.php?rest_route=\/wp\/v2\/users\/1"}],"replies":[{"embeddable":true,"href":"https:\/\/denkraum42.de\/index.php?rest_route=%2Fwp%2Fv2%2Fcomments&post=231"}],"version-history":[{"count":1,"href":"https:\/\/denkraum42.de\/index.php?rest_route=\/wp\/v2\/pages\/231\/revisions"}],"predecessor-version":[{"id":232,"href":"https:\/\/denkraum42.de\/index.php?rest_route=\/wp\/v2\/pages\/231\/revisions\/232"}],"wp:featuredmedia":[{"embeddable":true,"href":"https:\/\/denkraum42.de\/index.php?rest_route=\/wp\/v2\/media\/210"}],"wp:attachment":[{"href":"https:\/\/denkraum42.de\/index.php?rest_route=%2Fwp%2Fv2%2Fmedia&parent=231"}],"curies":[{"name":"wp","href":"https:\/\/api.w.org\/{rel}","templated":true}]}}