{"id":280,"date":"2024-06-06T15:31:09","date_gmt":"2024-06-06T15:31:09","guid":{"rendered":"https:\/\/denkraum42.de\/?page_id=280"},"modified":"2025-03-20T13:19:25","modified_gmt":"2025-03-20T13:19:25","slug":"die-kunst-seine-kunden-zu-lieben-marketing-geht-heute-anders","status":"publish","type":"page","link":"https:\/\/denkraum42.de\/?page_id=280","title":{"rendered":"Kundenliebe: Die neue Marketing-Revolution"},"content":{"rendered":"\n<p><\/p>\n\n\n\n<p><strong>Entfesseln Sie das volle Potenzial Ihres Unternehmens!<\/strong><\/p>\n\n\n\n<p>Hochmotiviert haben Sie Ihren Traum von Freiheit und Selbstbestimmung verwirklicht. Doch pl\u00f6tzlich f\u00fchlen Sie sich in der Flut von Aufgaben gefangen \u2013 \u00dcberlastung, Finanzprobleme und herausfordernde Kunden scheinen den Spa\u00df an Ihrem Business zu rauben. Viele Soloselbst\u00e4ndige \u00fcbernehmen die Rolle des Unternehmers oder Managers nicht aktiv und verlieren dabei den Blick f\u00fcr das Wesentliche.<\/p>\n\n\n\n<p>Statt selbst die Regeln zu bestimmen, reagieren Sie auf \u00e4u\u00dfere Einfl\u00fcsse. Doch das muss nicht so bleiben! Nach diesem Seminar wird sich Ihr Business radikal ver\u00e4ndern: Es wird einfacher, macht mehr Freude und Ihre Kunden verwandeln sich in begeisterte Fans!<\/p>\n\n\n\n<h3 class=\"wp-block-heading\" id=\"in-diesem-seminar-erwarten-sie-spannende-lernerfolge\"><strong>In diesem Seminar erwarten Sie spannende Lernerfolge:<\/strong><\/h3>\n\n\n\n<ul class=\"wp-block-list\">\n<li><strong>Vision &amp; Mission<\/strong>: Entdecken Sie die grundlegenden S\u00e4ulen eines erfolgreichen Marketings und wie sie Ihr Unternehmen st\u00e4rken k\u00f6nnen.<\/li>\n\n\n\n<li><strong>Zielgruppenanalyse<\/strong>: Lernen Sie, Ihre Zielgruppe pr\u00e4zise zu definieren und genau die Kunden anzusprechen, die bereits nach Ihnen suchen.<\/li>\n\n\n\n<li><strong>Neurostrategien zur Markenbildung<\/strong>: Nutzen Sie moderne Ans\u00e4tze zur Markenbildung, um eine emotionale Verbindung zu Ihren Kunden aufzubauen.<\/li>\n\n\n\n<li><strong>Marketingstrategien des 21. Jahrhunderts<\/strong>: Erfahren Sie, wie zeitgem\u00e4\u00dfes Marketing funktioniert und wie Sie es effektiv f\u00fcr Ihr Business einsetzen k\u00f6nnen.<\/li>\n\n\n\n<li><strong>Business mit Spirit<\/strong>: Entwickeln Sie ein Unternehmen, das Ihnen Kraft gibt statt raubt \u2013 ein Ort, an dem Leidenschaft und Erfolg Hand in Hand gehen.<\/li>\n\n\n\n<li><strong>Entwicklungsziele setzen<\/strong>: Arbeiten Sie an klaren Zielen f\u00fcr Ihre pers\u00f6nliche und gesch\u00e4ftliche Entwicklung und wachsen Sie mit Ihrem Unternehmen.<\/li>\n\n\n\n<li><strong>Marke ICH<\/strong>: Bauen Sie Ihre eigene Marke auf und positionieren Sie sich klar im Markt \u2013 werden Sie zum unverwechselbaren Gesicht Ihres Unternehmens!<\/li>\n<\/ul>\n\n\n\n<h3 class=\"wp-block-heading\" id=\"fazit\"><strong>Fazit<\/strong><\/h3>\n\n\n\n<p>Nach diesem Seminar werden Sie nicht nur lernen, wie man Marketing anders denkt \u2013 sondern auch, wie man es liebt! Verwandeln Sie Herausforderungen in Chancen und machen Sie aus Ihren Kunden treue Fans.<\/p>\n\n\n\n<p>Melden Sie sich jetzt an und starten Sie Ihre Reise zu einem erf\u00fcllten und erfolgreichen Business!<\/p>\n\n\n\n<p>Fakten:<\/p>\n\n\n\n<p>Dauer des Seminars &#8211; 6 Tage verteilt auf Seminarbl\u00f6cke von 3&#215;2 Tagen im Abstand von 4 Wochen. Trainingszeit jeweils von 10 bis 18 Uhr mit einer Stunde Mittagspause<\/p>\n\n\n\n<p>Ebenso finden regelm\u00e4\u00dfige Zoom-Calls und Mentoringbegleitung statt.<\/p>\n\n\n\n<p>Die Termine werden incl. Starttermin in der Gruppe festgelegt.<\/p>\n\n\n\n<p>Kosten pro Person<\/p>\n\n\n\n<p>EUR 4.629,&#8211; von der Umsatzsteuer befreit<\/p>\n\n\n\n<p>Gruppengr\u00f6\u00dfe<\/p>\n\n\n\n<p>Training nur in Kleingruppen<\/p>\n\n\n\n<p>Neue Termine in Planung. Diese Termine werden nach Reservierungen in der Gruppe festgelegt.<\/p>\n\n\n\n<p>Das Seminar ist zu 90 Prozent \u00fcber den ESF refinanzierbar. Weitere Infos finden Sie <a href=\"https:\/\/denkraum42.de\/?page_id=151\">hier <\/a><\/p>\n\n\n\n<p class=\"has-text-align-center\">Das hei\u00dft ihr Eigenanteil betr\u00e4gt lediglich 462,90 EUR<\/p>\n\n\n\n<p>Das Seminar findet in einer exklusiven Kleingruppe statt, um ein gutes Arbeiten zu gew\u00e4hrleisten.<\/p>\n\n\n\n<p>Buchen Sie sich hier Ihren kostenlosen Beratungstermin, damit das weitere Vorgehen abgesprochen werden kann.<\/p>\n\n\n\n<div class=\"wp-block-buttons is-content-justification-center is-layout-flex wp-container-core-buttons-is-layout-16018d1d wp-block-buttons-is-layout-flex\">\n<div class=\"wp-block-button\"><a class=\"wp-block-button__link wp-element-button\" href=\"https:\/\/calendly.com\/dialog-stoehr-hr\/impulsgespraech\">Jetzt Beratungsgespr\u00e4ch buchen<\/a><\/div>\n<\/div>\n\n\n\n<p>Termine<\/p>\n\n\n\n<p>Neue Termine in Planung. Diese Termine werden nach Reservierung in der Gruppe festgelegt.<\/p>\n\n\n\n<p>Sie m\u00f6chten mehr erfahren oder haben Fragen? Lassen Sie uns reden. Schreiben Sie mir einfach eine kurze Nachricht und buchen Sie sich einen kostenlosen Beratungstermin.<\/p>\n\n\n\n<div class=\"wp-block-buttons is-content-justification-center is-layout-flex wp-container-core-buttons-is-layout-16018d1d wp-block-buttons-is-layout-flex\">\n<div class=\"wp-block-button\"><a class=\"wp-block-button__link wp-element-button\" href=\"https:\/\/calendly.com\/dialog-stoehr-hr\/impulsgespraech\">Jetzt Gespr\u00e4ch buchen<\/a><\/div>\n<\/div>\n\n\n\n<p><\/p>\n\n\n\n<p><\/p>\n","protected":false},"excerpt":{"rendered":"<p>Entfesseln Sie das volle Potenzial Ihres Unternehmens! Hochmotiviert haben Sie Ihren Traum von Freiheit und Selbstbestimmung verwirklicht. Doch pl\u00f6tzlich f\u00fchlen Sie sich in der Flut von Aufgaben gefangen \u2013 \u00dcberlastung, Finanzprobleme und herausfordernde Kunden scheinen den Spa\u00df an Ihrem Business zu rauben. Viele Soloselbst\u00e4ndige \u00fcbernehmen die Rolle des Unternehmers oder Managers nicht aktiv und verlieren &hellip; <\/p>\n<p class=\"link-more\"><a href=\"https:\/\/denkraum42.de\/?page_id=280\" class=\"more-link\"><span class=\"screen-reader-text\">\u201eKundenliebe: Die neue Marketing-Revolution\u201c<\/span> weiterlesen<\/a><\/p>\n","protected":false},"author":1,"featured_media":281,"parent":0,"menu_order":0,"comment_status":"closed","ping_status":"closed","template":"","meta":{"footnotes":""},"class_list":["post-280","page","type-page","status-publish","has-post-thumbnail","hentry"],"yoast_head":"<!-- This site is optimized with the Yoast SEO plugin v22.6 - https:\/\/yoast.com\/wordpress\/plugins\/seo\/ -->\n<title>Kundenliebe: Die neue Marketing-Revolution - Denkraum 42<\/title>\n<meta name=\"description\" content=\"Nach diesem Seminar werden Sie nicht nur lernen, wie man Marketing anders denkt \u2013 sondern auch, wie man es liebt! Verwandeln Sie Herausforderungen in Chancen und machen Sie aus Ihren Kunden treue Fans.\" \/>\n<meta name=\"robots\" content=\"index, follow, max-snippet:-1, max-image-preview:large, max-video-preview:-1\" \/>\n<link rel=\"canonical\" href=\"https:\/\/denkraum42.de\/?page_id=280\" \/>\n<meta property=\"og:locale\" content=\"de_DE\" \/>\n<meta property=\"og:type\" content=\"article\" \/>\n<meta property=\"og:title\" content=\"Kundenliebe: Die neue Marketing-Revolution - Denkraum 42\" \/>\n<meta property=\"og:description\" content=\"Nach diesem Seminar werden Sie nicht nur lernen, wie man Marketing anders denkt \u2013 sondern auch, wie man es liebt! Verwandeln Sie Herausforderungen in Chancen und machen Sie aus Ihren Kunden treue Fans.\" \/>\n<meta property=\"og:url\" content=\"https:\/\/denkraum42.de\/?page_id=280\" \/>\n<meta property=\"og:site_name\" content=\"Denkraum 42\" \/>\n<meta property=\"article:modified_time\" content=\"2025-03-20T13:19:25+00:00\" \/>\n<meta property=\"og:image\" content=\"https:\/\/denkraum42.de\/wp-content\/uploads\/2024\/06\/art-1839006_1280.jpg\" \/>\n\t<meta property=\"og:image:width\" content=\"1280\" \/>\n\t<meta property=\"og:image:height\" content=\"720\" \/>\n\t<meta property=\"og:image:type\" content=\"image\/jpeg\" \/>\n<meta name=\"twitter:card\" content=\"summary_large_image\" \/>\n<meta name=\"twitter:label1\" content=\"Gesch\u00e4tzte Lesezeit\" \/>\n\t<meta name=\"twitter:data1\" content=\"3\u00a0Minuten\" \/>\n<script type=\"application\/ld+json\" class=\"yoast-schema-graph\">{\"@context\":\"https:\/\/schema.org\",\"@graph\":[{\"@type\":\"WebPage\",\"@id\":\"https:\/\/denkraum42.de\/?page_id=280\",\"url\":\"https:\/\/denkraum42.de\/?page_id=280\",\"name\":\"Kundenliebe: Die neue Marketing-Revolution - Denkraum 42\",\"isPartOf\":{\"@id\":\"https:\/\/denkraum42.de\/#website\"},\"primaryImageOfPage\":{\"@id\":\"https:\/\/denkraum42.de\/?page_id=280#primaryimage\"},\"image\":{\"@id\":\"https:\/\/denkraum42.de\/?page_id=280#primaryimage\"},\"thumbnailUrl\":\"https:\/\/denkraum42.de\/wp-content\/uploads\/2024\/06\/art-1839006_1280.jpg\",\"datePublished\":\"2024-06-06T15:31:09+00:00\",\"dateModified\":\"2025-03-20T13:19:25+00:00\",\"description\":\"Nach diesem Seminar werden Sie nicht nur lernen, wie man Marketing anders denkt \u2013 sondern auch, wie man es liebt! Verwandeln Sie Herausforderungen in Chancen und machen Sie aus Ihren Kunden treue Fans.\",\"breadcrumb\":{\"@id\":\"https:\/\/denkraum42.de\/?page_id=280#breadcrumb\"},\"inLanguage\":\"de\",\"potentialAction\":[{\"@type\":\"ReadAction\",\"target\":[\"https:\/\/denkraum42.de\/?page_id=280\"]}]},{\"@type\":\"ImageObject\",\"inLanguage\":\"de\",\"@id\":\"https:\/\/denkraum42.de\/?page_id=280#primaryimage\",\"url\":\"https:\/\/denkraum42.de\/wp-content\/uploads\/2024\/06\/art-1839006_1280.jpg\",\"contentUrl\":\"https:\/\/denkraum42.de\/wp-content\/uploads\/2024\/06\/art-1839006_1280.jpg\",\"width\":1280,\"height\":720,\"caption\":\"Marketing geht heute anders\"},{\"@type\":\"BreadcrumbList\",\"@id\":\"https:\/\/denkraum42.de\/?page_id=280#breadcrumb\",\"itemListElement\":[{\"@type\":\"ListItem\",\"position\":1,\"name\":\"Startseite\",\"item\":\"https:\/\/denkraum42.de\/\"},{\"@type\":\"ListItem\",\"position\":2,\"name\":\"Kundenliebe: Die neue Marketing-Revolution\"}]},{\"@type\":\"WebSite\",\"@id\":\"https:\/\/denkraum42.de\/#website\",\"url\":\"https:\/\/denkraum42.de\/\",\"name\":\"Denkraum 42\",\"description\":\"Echte Transformation und integraler Wandel. Entwicklung evolution\u00e4r gestalten.\",\"publisher\":{\"@id\":\"https:\/\/denkraum42.de\/#organization\"},\"potentialAction\":[{\"@type\":\"SearchAction\",\"target\":{\"@type\":\"EntryPoint\",\"urlTemplate\":\"https:\/\/denkraum42.de\/?s={search_term_string}\"},\"query-input\":\"required name=search_term_string\"}],\"inLanguage\":\"de\"},{\"@type\":\"Organization\",\"@id\":\"https:\/\/denkraum42.de\/#organization\",\"name\":\"Denkraum 42\",\"url\":\"https:\/\/denkraum42.de\/\",\"logo\":{\"@type\":\"ImageObject\",\"inLanguage\":\"de\",\"@id\":\"https:\/\/denkraum42.de\/#\/schema\/logo\/image\/\",\"url\":\"https:\/\/denkraum42.de\/wp-content\/uploads\/2024\/05\/cropped-cropped-triskell-1193998_1920.png\",\"contentUrl\":\"https:\/\/denkraum42.de\/wp-content\/uploads\/2024\/05\/cropped-cropped-triskell-1193998_1920.png\",\"width\":250,\"height\":250,\"caption\":\"Denkraum 42\"},\"image\":{\"@id\":\"https:\/\/denkraum42.de\/#\/schema\/logo\/image\/\"}}]}<\/script>\n<!-- \/ Yoast SEO plugin. -->","yoast_head_json":{"title":"Kundenliebe: Die neue Marketing-Revolution - Denkraum 42","description":"Nach diesem Seminar werden Sie nicht nur lernen, wie man Marketing anders denkt \u2013 sondern auch, wie man es liebt! Verwandeln Sie Herausforderungen in Chancen und machen Sie aus Ihren Kunden treue Fans.","robots":{"index":"index","follow":"follow","max-snippet":"max-snippet:-1","max-image-preview":"max-image-preview:large","max-video-preview":"max-video-preview:-1"},"canonical":"https:\/\/denkraum42.de\/?page_id=280","og_locale":"de_DE","og_type":"article","og_title":"Kundenliebe: Die neue Marketing-Revolution - Denkraum 42","og_description":"Nach diesem Seminar werden Sie nicht nur lernen, wie man Marketing anders denkt \u2013 sondern auch, wie man es liebt! Verwandeln Sie Herausforderungen in Chancen und machen Sie aus Ihren Kunden treue Fans.","og_url":"https:\/\/denkraum42.de\/?page_id=280","og_site_name":"Denkraum 42","article_modified_time":"2025-03-20T13:19:25+00:00","og_image":[{"width":1280,"height":720,"url":"https:\/\/denkraum42.de\/wp-content\/uploads\/2024\/06\/art-1839006_1280.jpg","type":"image\/jpeg"}],"twitter_card":"summary_large_image","twitter_misc":{"Gesch\u00e4tzte Lesezeit":"3\u00a0Minuten"},"schema":{"@context":"https:\/\/schema.org","@graph":[{"@type":"WebPage","@id":"https:\/\/denkraum42.de\/?page_id=280","url":"https:\/\/denkraum42.de\/?page_id=280","name":"Kundenliebe: Die neue Marketing-Revolution - Denkraum 42","isPartOf":{"@id":"https:\/\/denkraum42.de\/#website"},"primaryImageOfPage":{"@id":"https:\/\/denkraum42.de\/?page_id=280#primaryimage"},"image":{"@id":"https:\/\/denkraum42.de\/?page_id=280#primaryimage"},"thumbnailUrl":"https:\/\/denkraum42.de\/wp-content\/uploads\/2024\/06\/art-1839006_1280.jpg","datePublished":"2024-06-06T15:31:09+00:00","dateModified":"2025-03-20T13:19:25+00:00","description":"Nach diesem Seminar werden Sie nicht nur lernen, wie man Marketing anders denkt \u2013 sondern auch, wie man es liebt! Verwandeln Sie Herausforderungen in Chancen und machen Sie aus Ihren Kunden treue Fans.","breadcrumb":{"@id":"https:\/\/denkraum42.de\/?page_id=280#breadcrumb"},"inLanguage":"de","potentialAction":[{"@type":"ReadAction","target":["https:\/\/denkraum42.de\/?page_id=280"]}]},{"@type":"ImageObject","inLanguage":"de","@id":"https:\/\/denkraum42.de\/?page_id=280#primaryimage","url":"https:\/\/denkraum42.de\/wp-content\/uploads\/2024\/06\/art-1839006_1280.jpg","contentUrl":"https:\/\/denkraum42.de\/wp-content\/uploads\/2024\/06\/art-1839006_1280.jpg","width":1280,"height":720,"caption":"Marketing geht heute anders"},{"@type":"BreadcrumbList","@id":"https:\/\/denkraum42.de\/?page_id=280#breadcrumb","itemListElement":[{"@type":"ListItem","position":1,"name":"Startseite","item":"https:\/\/denkraum42.de\/"},{"@type":"ListItem","position":2,"name":"Kundenliebe: Die neue Marketing-Revolution"}]},{"@type":"WebSite","@id":"https:\/\/denkraum42.de\/#website","url":"https:\/\/denkraum42.de\/","name":"Denkraum 42","description":"Echte Transformation und integraler Wandel. Entwicklung evolution\u00e4r gestalten.","publisher":{"@id":"https:\/\/denkraum42.de\/#organization"},"potentialAction":[{"@type":"SearchAction","target":{"@type":"EntryPoint","urlTemplate":"https:\/\/denkraum42.de\/?s={search_term_string}"},"query-input":"required name=search_term_string"}],"inLanguage":"de"},{"@type":"Organization","@id":"https:\/\/denkraum42.de\/#organization","name":"Denkraum 42","url":"https:\/\/denkraum42.de\/","logo":{"@type":"ImageObject","inLanguage":"de","@id":"https:\/\/denkraum42.de\/#\/schema\/logo\/image\/","url":"https:\/\/denkraum42.de\/wp-content\/uploads\/2024\/05\/cropped-cropped-triskell-1193998_1920.png","contentUrl":"https:\/\/denkraum42.de\/wp-content\/uploads\/2024\/05\/cropped-cropped-triskell-1193998_1920.png","width":250,"height":250,"caption":"Denkraum 42"},"image":{"@id":"https:\/\/denkraum42.de\/#\/schema\/logo\/image\/"}}]}},"_links":{"self":[{"href":"https:\/\/denkraum42.de\/index.php?rest_route=\/wp\/v2\/pages\/280","targetHints":{"allow":["GET"]}}],"collection":[{"href":"https:\/\/denkraum42.de\/index.php?rest_route=\/wp\/v2\/pages"}],"about":[{"href":"https:\/\/denkraum42.de\/index.php?rest_route=\/wp\/v2\/types\/page"}],"author":[{"embeddable":true,"href":"https:\/\/denkraum42.de\/index.php?rest_route=\/wp\/v2\/users\/1"}],"replies":[{"embeddable":true,"href":"https:\/\/denkraum42.de\/index.php?rest_route=%2Fwp%2Fv2%2Fcomments&post=280"}],"version-history":[{"count":7,"href":"https:\/\/denkraum42.de\/index.php?rest_route=\/wp\/v2\/pages\/280\/revisions"}],"predecessor-version":[{"id":603,"href":"https:\/\/denkraum42.de\/index.php?rest_route=\/wp\/v2\/pages\/280\/revisions\/603"}],"wp:featuredmedia":[{"embeddable":true,"href":"https:\/\/denkraum42.de\/index.php?rest_route=\/wp\/v2\/media\/281"}],"wp:attachment":[{"href":"https:\/\/denkraum42.de\/index.php?rest_route=%2Fwp%2Fv2%2Fmedia&parent=280"}],"curies":[{"name":"wp","href":"https:\/\/api.w.org\/{rel}","templated":true}]}}