{"id":283,"date":"2024-06-06T15:36:10","date_gmt":"2024-06-06T15:36:10","guid":{"rendered":"https:\/\/denkraum42.de\/?page_id=283"},"modified":"2024-09-07T16:36:50","modified_gmt":"2024-09-07T16:36:50","slug":"die-7-saeulen-der-selbstkompetenz-und-eigenmacht","status":"publish","type":"page","link":"https:\/\/denkraum42.de\/?page_id=283","title":{"rendered":"Die 7 S\u00e4ulen der Selbstkompetenz und Eigenmacht"},"content":{"rendered":"\n<h1 class=\"wp-block-heading\"><br><br><br>Entdecke deine innere Kraft f\u00fcr ein erf\u00fclltes Business<\/h1>\n\n\n\n<h2 class=\"wp-block-heading\"><strong>Stabilit\u00e4t im Wandel<\/strong>&nbsp;\u2013 das Weltbild des \u201eH\u00f6her-Schneller-Weiter\u201c hat ausgedient. Im 21. Jahrhundert geht es um Klarheit, Bewusstsein und Authentizit\u00e4t. Starte mit unserem Seminar die Transformation deines Business hin zu nachhaltigem Erfolg, einer bewussten Werteorientierung und echter Sinnstiftung.<\/h2>\n\n\n\n<h1 class=\"wp-block-heading\">Verabschiede dich vom Hamsterrad des \u201eSelbst und St\u00e4ndig\u201c und \u00f6ffne die T\u00fcr zu F\u00fclle und Erf\u00fcllung. Es ist Zeit f\u00fcr Sinn, Macht und Gewinn!<br><br>Finde deinen Weg zu mehr Zufriedenheit<\/h1>\n\n\n\n<h3 class=\"wp-block-heading\">F\u00fchlst du dich oft unzufrieden oder unvollst\u00e4ndig? Stehst du manchmal zwischen den Anforderungen deiner Selbstst\u00e4ndigkeit und der Familie? Wo bleibt da die Zeit f\u00fcr dich selbst?<\/h3>\n\n\n\n<h3 class=\"wp-block-heading\">Erlebst du Stress und Herausforderungen im Beruf, die dich belasten? Hast du Entscheidungen getroffen, die du sp\u00e4ter bereut hast? Kommt dir oft erst im Nachhinein in den Sinn, was du h\u00e4ttest sagen sollen? Gehst du h\u00e4ufig unzufrieden aus Gespr\u00e4chen oder plagen dich Zukunfts\u00e4ngste?<\/h3>\n\n\n\n<h3 class=\"wp-block-heading\">Wenn du Angst hast, deine Honorare anpassen zu m\u00fcssen, nur um Auftr\u00e4ge zu erhalten, oder wenn dir der Drive fehlt und du den Mut f\u00fcr die n\u00e4chsten Schritte nicht findest \u2013 dann ist dieses Seminar genau das Richtige f\u00fcr dich!<\/h3>\n\n\n\n<h3 class=\"wp-block-heading\">Lerne, deinen Standpunkt klar zu vertreten, ohne dich rechtfertigen zu m\u00fcssen. Befreie dich von dem Gef\u00fchl, alles alleine erledigen zu m\u00fcssen, und finde Wege, besser mit Kritik umzugehen.<\/h3>\n\n\n\n<h1 class=\"wp-block-heading\">Melde dich jetzt an und entdecke deine innere St\u00e4rke f\u00fcr ein erf\u00fclltes Business!<br><br><br>Werde zur besten Version deiner selbst<\/h1>\n\n\n\n<h3 class=\"wp-block-heading\">In diesem Seminar entwickelst du dich  zu einer beeindruckenden Pers\u00f6nlichkeit. Es geht um Standfestigkeit und den entspannten Umgang mit Druck. Du wirst Leidenschaft und Gl\u00fcck entdecken sowie die wahre Freude an Leistung erleben.<\/h3>\n\n\n\n<h3 class=\"wp-block-heading\">Wir thematisieren Selbstdisziplin und Erfolgsdisziplin, die Liebe zu Menschen und die Triumphe, die wir gemeinsam erreichen k\u00f6nnen. Kommunikation wird zum Schl\u00fcssel \u2013 lerne, zuzuh\u00f6ren und zu sehen. Entfalte deine Intuition und innere Weisheit, um dein volles Potenzial auszusch\u00f6pfen.<\/h3>\n\n\n\n<h3 class=\"wp-block-heading\">Wissen ist Macht: Wer mit seiner Kommunikation ins Schwarze treffen m\u00f6chte, muss wissen, wie man das macht. Ethik und Rechtschaffenheit sind ebenso wichtig. Und nicht zuletzt: Um erfolgreich zu sein, musst du dich gegen Manipulatoren immunisieren.<\/h3>\n\n\n\n<p>In diesem Seminar lernst du:<\/p>\n\n\n\n<ul class=\"wp-block-list\">\n<li><strong>Mentale St\u00e4rke<\/strong>&nbsp;aufzubauen<\/li>\n\n\n\n<li><strong>Selbstvertrauen<\/strong>&nbsp;und&nbsp;<strong>Selbstwertgef\u00fchl<\/strong>&nbsp;zu entwickeln<\/li>\n\n\n\n<li>Mit Emotionen umzugehen und sie besser zu managen<\/li>\n\n\n\n<li>Die Kraft deiner Gedanken zu erkennen und zu ver\u00e4ndern<\/li>\n\n\n\n<li>Emotionale Intelligenz zu entwickeln<\/li>\n\n\n\n<li>Wut und \u00c4ngste in Mut und Zuversicht umzuwandeln<\/li>\n\n\n\n<li>Die wichtigsten Erfolgsprinzipien kennenzulernen<\/li>\n\n\n\n<li>Manipulationen zu erkennen<\/li>\n<\/ul>\n\n\n\n<h1 class=\"wp-block-heading\">So wirst du in der Lage sein, einen inneren Navigator f\u00fcr Lebensgl\u00fcck, Erfolg und Zufriedenheit zu entwickeln. Du erlangst Standfestigkeit in jeder Situation und kannst Krisen sowie Schwierigkeiten gelassen entgegensehen.<\/h1>\n\n\n\n<h2 class=\"wp-block-heading\">Erfolg darf leicht sein \u2013 lass uns gemeinsam diesen Weg gehen!<\/h2>\n\n\n\n<h2 class=\"wp-block-heading has-text-align-center\">Es geht um die Entfaltung des eigenen vollen Potenzials.<\/h2>\n\n\n\n<p>Fakten<\/p>\n\n\n\n<p>Dauer des Seminars \u2013 6 Tage verteilt auf Seminarbl\u00f6cke von 3\u00d72 Tagen im Abstand von 4 Wochen. Trainingszeit jeweils von 10 bis 18 Uhr mit einer Stunde Mittagspause<\/p>\n\n\n\n<p>Kosten pro Person<\/p>\n\n\n\n<p>EUR 4.629,\u2013 von der Umsatzsteuer befreit<\/p>\n\n\n\n<p>Das Seminar kann f\u00fcr Soloselbst\u00e4ndige mit 90 Prozent \u00fcber das <a href=\"https:\/\/denkraum42.de\/?page_id=151\">Programm Kompass<\/a> bezuschusst werden.<\/p>\n\n\n\n<p>Das hei\u00dft in diesem Fall erh\u00e4lt der Soloselbst\u00e4ndige nach erfolgreich abgeschlossenem Seminar eine R\u00fcckerstattung der Seminargeb\u00fchren in H\u00f6he von EUR 4.166,10. <\/p>\n\n\n\n<p class=\"has-text-align-center\"><strong>Der Eigenanteil betr\u00e4gt lediglich EUR 462,90<\/strong><\/p>\n\n\n\n<h2 class=\"wp-block-heading\">Das Training findet ausschlie\u00dflich und exklusiv in Kleingruppen statt.<\/h2>\n\n\n\n<h2 class=\"wp-block-heading\">Hier bewerben und mehr erfahren. Buchen Sie sich Ihr kostenloses Erstgespr\u00e4ch<\/h2>\n\n\n\n<p><\/p>\n\n\n\n<div class=\"wp-block-buttons is-content-justification-center is-layout-flex wp-container-core-buttons-is-layout-16018d1d wp-block-buttons-is-layout-flex\">\n<div class=\"wp-block-button\"><a class=\"wp-block-button__link wp-element-button\" href=\"https:\/\/calendly.com\/dialog-stoehr-hr\/impulsgespraech\">Jetzt Beratungsgespr\u00e4ch buchen<\/a><\/div>\n<\/div>\n\n\n\n<p>Termine<\/p>\n\n\n\n<p>Neue Termine in Planung. Diese Termine werden nach der Reservierung in der Gruppe festgelegt.<\/p>\n\n\n\n<p>Sie m\u00f6chten mehr erfahren oder haben Fragen? Lassen Sie uns reden. Schreiben Sie mir einfach eine kurze Nachricht und buchen Sie sich einen kostenlosen Beratungstermin..<\/p>\n\n\n\n<div class=\"wp-block-buttons is-content-justification-center is-layout-flex wp-container-core-buttons-is-layout-16018d1d wp-block-buttons-is-layout-flex\">\n<div class=\"wp-block-button\"><a class=\"wp-block-button__link wp-element-button\" href=\"https:\/\/calendly.com\/dialog-stoehr-hr\/impulsgespraech\">Jetzt Gespr\u00e4ch buchen<\/a><\/div>\n<\/div>\n\n\n\n<p><\/p>\n\n\n\n<p><\/p>\n","protected":false},"excerpt":{"rendered":"<p>Entdecke deine innere Kraft f\u00fcr ein erf\u00fclltes Business Stabilit\u00e4t im Wandel&nbsp;\u2013 das Weltbild des \u201eH\u00f6her-Schneller-Weiter\u201c hat ausgedient. Im 21. Jahrhundert geht es um Klarheit, Bewusstsein und Authentizit\u00e4t. Starte mit unserem Seminar die Transformation deines Business hin zu nachhaltigem Erfolg, einer bewussten Werteorientierung und echter Sinnstiftung. Verabschiede dich vom Hamsterrad des \u201eSelbst und St\u00e4ndig\u201c und \u00f6ffne &hellip; <\/p>\n<p class=\"link-more\"><a href=\"https:\/\/denkraum42.de\/?page_id=283\" class=\"more-link\"><span class=\"screen-reader-text\">\u201eDie 7 S\u00e4ulen der Selbstkompetenz und Eigenmacht\u201c<\/span> weiterlesen<\/a><\/p>\n","protected":false},"author":1,"featured_media":284,"parent":0,"menu_order":0,"comment_status":"closed","ping_status":"closed","template":"","meta":{"footnotes":""},"class_list":["post-283","page","type-page","status-publish","has-post-thumbnail","hentry"],"yoast_head":"<!-- This site is optimized with the Yoast SEO plugin v22.6 - https:\/\/yoast.com\/wordpress\/plugins\/seo\/ -->\n<title>Die 7 S\u00e4ulen der Selbstkompetenz und Eigenmacht - Denkraum 42<\/title>\n<meta name=\"description\" content=\"Entdecke deine innere Kraft f\u00fcr ein erf\u00fclltes Business. Finde deinen Weg zu mehr Zufriedenheit. Es geht um die Entfaltung des eigenen vollen Potenzials.\" \/>\n<meta name=\"robots\" content=\"index, follow, max-snippet:-1, max-image-preview:large, max-video-preview:-1\" \/>\n<link rel=\"canonical\" href=\"https:\/\/denkraum42.de\/?page_id=283\" \/>\n<meta property=\"og:locale\" content=\"de_DE\" \/>\n<meta property=\"og:type\" content=\"article\" \/>\n<meta property=\"og:title\" content=\"Die 7 S\u00e4ulen der Selbstkompetenz und Eigenmacht - Denkraum 42\" \/>\n<meta property=\"og:description\" content=\"Entdecke deine innere Kraft f\u00fcr ein erf\u00fclltes Business. Finde deinen Weg zu mehr Zufriedenheit. Es geht um die Entfaltung des eigenen vollen Potenzials.\" \/>\n<meta property=\"og:url\" content=\"https:\/\/denkraum42.de\/?page_id=283\" \/>\n<meta property=\"og:site_name\" content=\"Denkraum 42\" \/>\n<meta property=\"article:modified_time\" content=\"2024-09-07T16:36:50+00:00\" \/>\n<meta property=\"og:image\" content=\"https:\/\/denkraum42.de\/wp-content\/uploads\/2024\/06\/artwork-7378783_1280.jpg\" \/>\n\t<meta property=\"og:image:width\" content=\"1280\" \/>\n\t<meta property=\"og:image:height\" content=\"1280\" \/>\n\t<meta property=\"og:image:type\" content=\"image\/jpeg\" \/>\n<meta name=\"twitter:card\" content=\"summary_large_image\" \/>\n<meta name=\"twitter:label1\" content=\"Gesch\u00e4tzte Lesezeit\" \/>\n\t<meta name=\"twitter:data1\" content=\"4\u00a0Minuten\" \/>\n<script type=\"application\/ld+json\" class=\"yoast-schema-graph\">{\"@context\":\"https:\/\/schema.org\",\"@graph\":[{\"@type\":\"WebPage\",\"@id\":\"https:\/\/denkraum42.de\/?page_id=283\",\"url\":\"https:\/\/denkraum42.de\/?page_id=283\",\"name\":\"Die 7 S\u00e4ulen der Selbstkompetenz und Eigenmacht - Denkraum 42\",\"isPartOf\":{\"@id\":\"https:\/\/denkraum42.de\/#website\"},\"primaryImageOfPage\":{\"@id\":\"https:\/\/denkraum42.de\/?page_id=283#primaryimage\"},\"image\":{\"@id\":\"https:\/\/denkraum42.de\/?page_id=283#primaryimage\"},\"thumbnailUrl\":\"https:\/\/denkraum42.de\/wp-content\/uploads\/2024\/06\/artwork-7378783_1280.jpg\",\"datePublished\":\"2024-06-06T15:36:10+00:00\",\"dateModified\":\"2024-09-07T16:36:50+00:00\",\"description\":\"Entdecke deine innere Kraft f\u00fcr ein erf\u00fclltes Business. Finde deinen Weg zu mehr Zufriedenheit. Es geht um die Entfaltung des eigenen vollen Potenzials.\",\"breadcrumb\":{\"@id\":\"https:\/\/denkraum42.de\/?page_id=283#breadcrumb\"},\"inLanguage\":\"de\",\"potentialAction\":[{\"@type\":\"ReadAction\",\"target\":[\"https:\/\/denkraum42.de\/?page_id=283\"]}]},{\"@type\":\"ImageObject\",\"inLanguage\":\"de\",\"@id\":\"https:\/\/denkraum42.de\/?page_id=283#primaryimage\",\"url\":\"https:\/\/denkraum42.de\/wp-content\/uploads\/2024\/06\/artwork-7378783_1280.jpg\",\"contentUrl\":\"https:\/\/denkraum42.de\/wp-content\/uploads\/2024\/06\/artwork-7378783_1280.jpg\",\"width\":1280,\"height\":1280,\"caption\":\"Die 7 S\u00e4ulen der Selbstkompetenz und Eigenmacht\"},{\"@type\":\"BreadcrumbList\",\"@id\":\"https:\/\/denkraum42.de\/?page_id=283#breadcrumb\",\"itemListElement\":[{\"@type\":\"ListItem\",\"position\":1,\"name\":\"Startseite\",\"item\":\"https:\/\/denkraum42.de\/\"},{\"@type\":\"ListItem\",\"position\":2,\"name\":\"Die 7 S\u00e4ulen der Selbstkompetenz und Eigenmacht\"}]},{\"@type\":\"WebSite\",\"@id\":\"https:\/\/denkraum42.de\/#website\",\"url\":\"https:\/\/denkraum42.de\/\",\"name\":\"Denkraum 42\",\"description\":\"Echte Transformation und integraler Wandel. Entwicklung evolution\u00e4r gestalten.\",\"publisher\":{\"@id\":\"https:\/\/denkraum42.de\/#organization\"},\"potentialAction\":[{\"@type\":\"SearchAction\",\"target\":{\"@type\":\"EntryPoint\",\"urlTemplate\":\"https:\/\/denkraum42.de\/?s={search_term_string}\"},\"query-input\":\"required name=search_term_string\"}],\"inLanguage\":\"de\"},{\"@type\":\"Organization\",\"@id\":\"https:\/\/denkraum42.de\/#organization\",\"name\":\"Denkraum 42\",\"url\":\"https:\/\/denkraum42.de\/\",\"logo\":{\"@type\":\"ImageObject\",\"inLanguage\":\"de\",\"@id\":\"https:\/\/denkraum42.de\/#\/schema\/logo\/image\/\",\"url\":\"https:\/\/denkraum42.de\/wp-content\/uploads\/2024\/05\/cropped-cropped-triskell-1193998_1920.png\",\"contentUrl\":\"https:\/\/denkraum42.de\/wp-content\/uploads\/2024\/05\/cropped-cropped-triskell-1193998_1920.png\",\"width\":250,\"height\":250,\"caption\":\"Denkraum 42\"},\"image\":{\"@id\":\"https:\/\/denkraum42.de\/#\/schema\/logo\/image\/\"}}]}<\/script>\n<!-- \/ Yoast SEO plugin. -->","yoast_head_json":{"title":"Die 7 S\u00e4ulen der Selbstkompetenz und Eigenmacht - Denkraum 42","description":"Entdecke deine innere Kraft f\u00fcr ein erf\u00fclltes Business. Finde deinen Weg zu mehr Zufriedenheit. Es geht um die Entfaltung des eigenen vollen Potenzials.","robots":{"index":"index","follow":"follow","max-snippet":"max-snippet:-1","max-image-preview":"max-image-preview:large","max-video-preview":"max-video-preview:-1"},"canonical":"https:\/\/denkraum42.de\/?page_id=283","og_locale":"de_DE","og_type":"article","og_title":"Die 7 S\u00e4ulen der Selbstkompetenz und Eigenmacht - Denkraum 42","og_description":"Entdecke deine innere Kraft f\u00fcr ein erf\u00fclltes Business. Finde deinen Weg zu mehr Zufriedenheit. Es geht um die Entfaltung des eigenen vollen Potenzials.","og_url":"https:\/\/denkraum42.de\/?page_id=283","og_site_name":"Denkraum 42","article_modified_time":"2024-09-07T16:36:50+00:00","og_image":[{"width":1280,"height":1280,"url":"https:\/\/denkraum42.de\/wp-content\/uploads\/2024\/06\/artwork-7378783_1280.jpg","type":"image\/jpeg"}],"twitter_card":"summary_large_image","twitter_misc":{"Gesch\u00e4tzte Lesezeit":"4\u00a0Minuten"},"schema":{"@context":"https:\/\/schema.org","@graph":[{"@type":"WebPage","@id":"https:\/\/denkraum42.de\/?page_id=283","url":"https:\/\/denkraum42.de\/?page_id=283","name":"Die 7 S\u00e4ulen der Selbstkompetenz und Eigenmacht - Denkraum 42","isPartOf":{"@id":"https:\/\/denkraum42.de\/#website"},"primaryImageOfPage":{"@id":"https:\/\/denkraum42.de\/?page_id=283#primaryimage"},"image":{"@id":"https:\/\/denkraum42.de\/?page_id=283#primaryimage"},"thumbnailUrl":"https:\/\/denkraum42.de\/wp-content\/uploads\/2024\/06\/artwork-7378783_1280.jpg","datePublished":"2024-06-06T15:36:10+00:00","dateModified":"2024-09-07T16:36:50+00:00","description":"Entdecke deine innere Kraft f\u00fcr ein erf\u00fclltes Business. Finde deinen Weg zu mehr Zufriedenheit. Es geht um die Entfaltung des eigenen vollen Potenzials.","breadcrumb":{"@id":"https:\/\/denkraum42.de\/?page_id=283#breadcrumb"},"inLanguage":"de","potentialAction":[{"@type":"ReadAction","target":["https:\/\/denkraum42.de\/?page_id=283"]}]},{"@type":"ImageObject","inLanguage":"de","@id":"https:\/\/denkraum42.de\/?page_id=283#primaryimage","url":"https:\/\/denkraum42.de\/wp-content\/uploads\/2024\/06\/artwork-7378783_1280.jpg","contentUrl":"https:\/\/denkraum42.de\/wp-content\/uploads\/2024\/06\/artwork-7378783_1280.jpg","width":1280,"height":1280,"caption":"Die 7 S\u00e4ulen der Selbstkompetenz und Eigenmacht"},{"@type":"BreadcrumbList","@id":"https:\/\/denkraum42.de\/?page_id=283#breadcrumb","itemListElement":[{"@type":"ListItem","position":1,"name":"Startseite","item":"https:\/\/denkraum42.de\/"},{"@type":"ListItem","position":2,"name":"Die 7 S\u00e4ulen der Selbstkompetenz und Eigenmacht"}]},{"@type":"WebSite","@id":"https:\/\/denkraum42.de\/#website","url":"https:\/\/denkraum42.de\/","name":"Denkraum 42","description":"Echte Transformation und integraler Wandel. Entwicklung evolution\u00e4r gestalten.","publisher":{"@id":"https:\/\/denkraum42.de\/#organization"},"potentialAction":[{"@type":"SearchAction","target":{"@type":"EntryPoint","urlTemplate":"https:\/\/denkraum42.de\/?s={search_term_string}"},"query-input":"required name=search_term_string"}],"inLanguage":"de"},{"@type":"Organization","@id":"https:\/\/denkraum42.de\/#organization","name":"Denkraum 42","url":"https:\/\/denkraum42.de\/","logo":{"@type":"ImageObject","inLanguage":"de","@id":"https:\/\/denkraum42.de\/#\/schema\/logo\/image\/","url":"https:\/\/denkraum42.de\/wp-content\/uploads\/2024\/05\/cropped-cropped-triskell-1193998_1920.png","contentUrl":"https:\/\/denkraum42.de\/wp-content\/uploads\/2024\/05\/cropped-cropped-triskell-1193998_1920.png","width":250,"height":250,"caption":"Denkraum 42"},"image":{"@id":"https:\/\/denkraum42.de\/#\/schema\/logo\/image\/"}}]}},"_links":{"self":[{"href":"https:\/\/denkraum42.de\/index.php?rest_route=\/wp\/v2\/pages\/283","targetHints":{"allow":["GET"]}}],"collection":[{"href":"https:\/\/denkraum42.de\/index.php?rest_route=\/wp\/v2\/pages"}],"about":[{"href":"https:\/\/denkraum42.de\/index.php?rest_route=\/wp\/v2\/types\/page"}],"author":[{"embeddable":true,"href":"https:\/\/denkraum42.de\/index.php?rest_route=\/wp\/v2\/users\/1"}],"replies":[{"embeddable":true,"href":"https:\/\/denkraum42.de\/index.php?rest_route=%2Fwp%2Fv2%2Fcomments&post=283"}],"version-history":[{"count":12,"href":"https:\/\/denkraum42.de\/index.php?rest_route=\/wp\/v2\/pages\/283\/revisions"}],"predecessor-version":[{"id":559,"href":"https:\/\/denkraum42.de\/index.php?rest_route=\/wp\/v2\/pages\/283\/revisions\/559"}],"wp:featuredmedia":[{"embeddable":true,"href":"https:\/\/denkraum42.de\/index.php?rest_route=\/wp\/v2\/media\/284"}],"wp:attachment":[{"href":"https:\/\/denkraum42.de\/index.php?rest_route=%2Fwp%2Fv2%2Fmedia&parent=283"}],"curies":[{"name":"wp","href":"https:\/\/api.w.org\/{rel}","templated":true}]}}