{"id":350,"date":"2024-06-16T12:20:51","date_gmt":"2024-06-16T12:20:51","guid":{"rendered":"https:\/\/denkraum42.de\/?page_id=350"},"modified":"2025-03-16T16:10:33","modified_gmt":"2025-03-16T16:10:33","slug":"agb-seminare-und-ausbildungen","status":"publish","type":"page","link":"https:\/\/denkraum42.de\/?page_id=350","title":{"rendered":"AGB Seminare und Ausbildungen"},"content":{"rendered":"\n<p>Allgemeine Gesch\u00e4ftsbedingungen \u2013 Stand Januar 2018<\/p>\n\n\n\n<ol class=\"wp-block-list\">\n<li>Veranstalter<br>Die<br>Unternehmensberatung Alexandra St\u00f6hr<br>Schachenstr. 82<br>66954 Pirmasens<br>Tel: 06331 531 99 75 Mobil 0157 551 725 90<br>Mail: dialog@stoehr-hr.de<br>Nachfolgend Veranstalter, ich, wir genannt<br>f\u00fchrt Seminare, Ausbildungen, Coachings, Teamentwicklung, F\u00fchrungskr\u00e4ftetrainings, Mediation auf Grundlage dieser AGB durch<\/li>\n\n\n\n<li>Veranstaltungsort \u2013 WORKSHOPS\/ AUSBILDUNGEN<br>In der Regel gebe ich in der Ausschreibung an, in welcher Stadt das Seminar stattfindet.<br>Die genauen R\u00e4umlichkeiten sind von der Art des Seminars abh\u00e4ngig und werden Ihnen rechtzeitig per Mail mitgeteilt.<br>Die Seminarzeiten sind der Ausschreibung zu entnehmen.<\/li>\n\n\n\n<li>Anmeldung<br>Anmeldungen werden ausschlie\u00dflich in schriftlicher Form akzeptiert (Post, Email oder \u00fcber unser Internet-Anmeldeformular). Eine telefonische Anmeldung ist in Ausnahmef\u00e4llen gestattet. Aufgrund begrenzter Teilnehmerzahlen werden die Anmeldungen nach Eingangsdatum ber\u00fccksichtigt. Der Teilnehmer erh\u00e4lt bei erfolgreicher Buchung eine schriftliche Teilnahmebest\u00e4tigung.<br>Bei der Anmeldung \u00fcber unser Internet-Anmeldeformular erkl\u00e4rt sich der Absender mit dem Absenden des Formulars\/der E-Mail mit der Speicherung seiner angegebenen Daten einverstanden. Die Daten werden nach den entsprechenden Bestimmungen des Bundesdatenschutzgesetztes behandelt und ausschlie\u00dflich im notwendigen Rahmen verwendet. Eine Datenweitergabe an Dritte zu Werbezwecken erfolgt nicht. Mit der Absendung erkl\u00e4rt sich der Absender bis auf Widerruf bereit, E-Mails durch Alexandra St\u00f6hr Unternehmensberatung zu erhalten.<br>Die Anmeldung zur Teilnahme am Seminar ist f\u00fcr den Teilnehmer verbindlich.<br>Auf Basis dieser verbindlichen Buchung wird dem Teilnehmer eine Rechnung mit ausgewiesener Mehrwertsteuer ausgestellt. Ich behalte mir die Zulassung zur Teilnahme im Einzelfall vor.<\/li>\n\n\n\n<li>Teilnahmevoraussetzungen f\u00fcr Seminare und Ausbildungen<br>Die Teilnahme an unseren Angeboten setzt einen stabilen psychischen und physischen Zustand der Teilnehmer voraus. Wenn sich ein Teilnehmer zurzeit oder in vergangener Zeit in psychologischer und\/oder psychiatrischer Behandlung befindet oder befunden hat, so ist von ihm die Teilnahme an unseren Seminaren zuvor mit seinem behandelndem Arzt oder Therapeuten abzusprechen.<br>Bei unseren Seminaren ist die aktive Beteiligung jedes Teilnehmers wichtiger Bestandteil der Gruppenarbeit und die Bereitschaft dazu sollte von jedem mitgebracht werden. Unsere Seminare haben teilweise Selbsterfahrungscharakter und ersetzen keine Therapie. Als Teilnehmer \u00fcbernehmen Sie die volle Verantwortung f\u00fcr Ihre eigene psychische, emotionale und k\u00f6rperliche Belastbarkeit; aus eventuellen Folgen k\u00f6nnen keine Anspr\u00fcche abgeleitet werden.<\/li>\n\n\n\n<li>Ablehnung und Ausschluss von Teilnehmern<br>Wir sind berechtigt, Teilnehmer vor dem Kurs ohne Angabe von Gr\u00fcnden abzulehnen. Bereits gezahlte Seminargeb\u00fchren werden in diesem Fall zu 100 Prozent zur\u00fcckerstattet.<br>Teilnehmer, die wiederholt Fehlverhalten zeigen, oder den Veranstaltungsablauf negativ beeinflussen, st\u00f6ren oder die Veranstaltung zur Anwerbung von Personen missbrauchen oder Fremdprodukte verkaufen, k\u00f6nnen von der Veranstaltung ausgeschlossen werden. Dies gilt auch bei Abwerbung von Teilnehmern und \u00e4hnlichem. Die Teilnahmegeb\u00fchr ist in diesem Fall zu 100% zu entrichten. Weitere Schadensersatzanspr\u00fcche behalten wir uns vor.<\/li>\n\n\n\n<li>R\u00fccktritt, Ersatzteilnehmer<br>Ihr Kursplatz ist f\u00fcr Sie fest reserviert, sobald uns Ihre Anmeldung vorliegt. Ein R\u00fccktritt davon muss schriftlich erfolgen. Nach Eingang der schriftlichen R\u00fccktrittserkl\u00e4rung erheben wir Stornogeb\u00fchren in H\u00f6he von 10% der Kursgeb\u00fchr. Bei R\u00fccktritt von weniger als vier Wochen vor Kursbeginn wird die gesamte Kursgeb\u00fchr f\u00e4llig. Bei kurzfristigen Anmeldungen, weniger als 14 Tage vor Kursbeginn, entf\u00e4llt das R\u00fccktrittsrecht.<br>Es besteht f\u00fcr Teilnehmer kein R\u00fccktrittsrecht, wenn sich aus wichtigen Gr\u00fcnden der geplante Seminarort (z.B. innerhalb Saarbr\u00fccken) \u00e4ndert.<br>Statt eines R\u00fccktrittes kann ein Ersatzteilnehmer benannt werden, sofern dieser die Teilnah-mevoraussetzungen sowie die Voraussetzungen zur Zulassung f\u00fcr den entsprechenden Kurs erf\u00fcllt. Der Ersatzteilnehmer muss umgehend schriftlich mit allen Anmeldedaten an Alexandra St\u00f6hr gemeldet werden. Hierf\u00fcr berechnen wir 30 \u20ac Wechselgeb\u00fchr. Wir behalten uns jedoch auch in diesem Falle vor, den Teilnehmer abzulehnen.<br>Wir empfehlen unseren Kursteilnehmern grunds\u00e4tzlich eine Seminarr\u00fccktritts-Versicherung abzuschlie\u00dfen. Diese Dienste werden durch uns selbst nicht angeboten und k\u00f6nnen \u00fcber externe Dienstleister in Anspruch genommen werden. Ein entsprechendes Angebot finden Sie hier<br>https:\/\/www.reiseversicherung.de\/de\/versicherung\/eintrittskarten-seminare\/seminar-versicherung.html<\/li>\n\n\n\n<li>Buchung \/ Reservierung von Hotelzimmern, Fl\u00fcgen, Bahntickets<br>F\u00fcr die Reservierung und Buchung von Hotelzimmern, Fl\u00fcgen und Bahntickets sind Sie selbst zust\u00e4ndig. Ersatzanspr\u00fcche bei unverschuldetem Ausfall oder Absage des Kurses k\u00f6nnen nicht geltend gemacht werden.<\/li>\n\n\n\n<li>Kursgeb\u00fchr<br>Bei Anmeldungen zu Kursen erhalten Sie unsere Rechnung. Mit Rechnungsstellung sind 20 Prozent der Kursgeb\u00fchr sofort f\u00e4llig.<br>Der Restbetrag der Kursgeb\u00fchr ist dann vier Wochen vor Kursbeginn zu leisten. Sollte der Kursbeginn weniger als vier Wochen nach Ihrer Anmeldung liegen, so stellen wir Ihnen die Kursgeb\u00fchr sofort komplett in Rechnung. Ein Recht auf Teilnahme entsteht erst nach fristgerechtem Zahlungseingang. Sp\u00e4testens vor Beginn der Veranstaltung am Veranstaltungstag muss der Betrag bar beglichen werden, sonst behalten wir uns vor den Teilnehmer von der Veranstaltung auszuschlie\u00dfen.<br>Bitte zahlen Sie ausschlie\u00dflich per \u00dcberweisung auf unser auf dem Rechnungsformular angegebenes Konto (bitte geben Sie Namen, Rechnungsnummer, Kursbezeichnung und Termin an).<br>Ratenzahlung ist nur in Absprache und nach vorheriger schriftlicher Vereinbarung (meist mit Aufpreis) mit uns m\u00f6glich.<br>Wurde mit einem Teilnehmer eine Ratenzahlung vereinbart, so gelten die in der Vereinbarung festgehaltenen Konditionen. Sollten Ratenvereinbarungen nicht fristgerecht gezahlt werden, behalten wir uns vor den kompletten Betrag durch eine Einmalzahlung einzufordern. Treten Teilnehmer von einer modulbasierten Ausbildung, oder einer mehrt\u00e4gigen Veranstaltung nach Beginn der Veranstaltung zur\u00fcck, so bleibt der komplette Ausbildungs- oder Veranstaltungsbetrag unabh\u00e4ngig des Abbruchs bestehen und der Komplettbetrag ist f\u00e4llig. Ein eventuelles Entgegenkommen erfolgt ausschlie\u00dflich auf Kulanzbasis. Sind \u00dcbernachtungskosten separat durch uns als Seminarbestandteil in Rechnung gestellt worden so bleiben diese Unterbringungskosten ebenfalls f\u00e4llig und sind von einer m\u00f6glichen R\u00fcckerstattung ausgeschlossen.<br>Auftr\u00e4ge anderer Art berechnen wir Ihnen entsprechend dem jeweiligen Angebot.<\/li>\n\n\n\n<li>Absage eines Kurses oder einer Dienstleistung durch den Veranstalter<br>Aus wichtigem Grund (zu geringe Teilnehmeranzahl, Ausfall des durchf\u00fchrenden Mitarbeiters durch Unfall oder Krankheit o.\u00e4.) kann es vorkommen, dass ein Kurs oder eine Dienstleistung durch uns abgesagt werden muss. In diesem Fall informieren wir Sie umgehend schriftlich, per Email oder telefonisch und erstatten Ihnen geleistete Zahlungen. Weitere Schadensersatz-Anspr\u00fcche (z.B. Erstattung von Hotel- und Reisekosten) k\u00f6nnen nicht geltend gemacht werden. Dieses Risiko k\u00f6nnen Sie jedoch selbst \u00fcber eine Seminarr\u00fccktritts-Versicherung absichern.<br>Bei Ausfall des durchf\u00fchrenden Mitarbeiters kann von uns ein anderer qualifizierter Mitarbeiter f\u00fcr den betroffenen Kurs oder die Dienstleistung eigesetzt werden, ohne dass ein Recht auf Erstattung der Kursgeb\u00fchr oder Honorarkosten entsteht.<br>Kurse finden nur bei ausreichendem Interesse statt. Dies steht meist erst nach dem Fr\u00fchbuchertermin fest. Daher bitte bei Buchungen von \u00dcbernachtung und Anreise auf Stornierungs-M\u00f6glichkeiten achten bzw. eine Seminarr\u00fccktritts-Versicherung abschlie\u00dfen.<\/li>\n\n\n\n<li>Ausfall des Referenten bei Einzelseminar<br>Sollte der Referent kurzfristig ausfallen (z.B. durch Krankheit, h\u00f6here Gewalt), wird \u2013 wenn zeitlich noch m\u00f6glich \u2013 ein Ersatzreferent gestellt.<br>Alternativ wird ein Ausweichtermin angeboten oder der gezahlte Seminarpreis erstattet.<\/li>\n\n\n\n<li>Aufnahme w\u00e4hrend der Veranstaltung, Copyright<br>Alle Daten und Informationen die Bestandteil der Veranstaltung sind, sind urheberrechtlich gesch\u00fctzt und d\u00fcrfen in keiner Form \u2013 auch nicht auszugsweise \u2013 verbreitet, vervielf\u00e4ltigt oder gewerblich genutzt werden. Ton-, Film- und Fotoaufnahmen sind w\u00e4hrend der Veranstaltung und in den Veranstaltungsr\u00e4umen grunds\u00e4tzlich nicht gestattet und werden bei Verst\u00f6\u00dfen strafrechtlich verfolgt.<\/li>\n\n\n\n<li>Vertraulichkeit<br>Alle Teilnehmer verpflichten sich alle pers\u00f6nlichen Informationen, die sie w\u00e4hrend eines Kurses \u00fcber andere Personen erhalten, streng vertraulich zu behandeln und nicht an Dritte weiterzugeben (Schweigepflicht). Personen, die sich w\u00e4hrend einer Aufstellungs-Veranstaltung als Klient zur Verf\u00fcgung stellen, k\u00f6nnen durch verdeckte Aufstellungen die Offenlegung pers\u00f6nlicher Informationen vermeiden.<\/li>\n\n\n\n<li>Datenschutzhinweis<br>&nbsp;<br>Der Veranstalter wird die f\u00fcr die Vertragsabwicklung erforderlichen Daten speichern, verarbeiten und nutzen. Eine Weitergabe an Dritte erfolgt nicht.<\/li>\n\n\n\n<li>Widerrufsbelehrung f\u00fcr Verbraucher (Privatpersonen)<br>Ein Verbraucher ist eine nat\u00fcrliche Person, die das Rechtsgesch\u00e4ft weder zum Zwecke einer gewerblichen noch selbst\u00e4ndigen beruflichen T\u00e4tigkeit abgeschlossen hat.<br>Schlie\u00dfen Sie als Verbraucher unter ausschlie\u00dflicher Verwendung von Fernkommunikations-Mitteln (z.B. Brief, Email, Telefon) einen Vertrag mit Alexandra St\u00f6hr Unternehmensberatung, so k\u00f6nnen Sie Ihre Vertragserkl\u00e4rung innerhalb von zwei Wochen ohne Angaben von Gr\u00fcnden in Textform (z.B. per Brief, Email) widerrufen.<br>Die Frist beginnt nach Empfang der Widerrufserkl\u00e4rung, jedoch nicht vor Vertragsschluss. Zur Wahrung der Widerrufsfrist gen\u00fcgt die rechtzeitige Absendung des Widerrufs. Zu richten ist der Widerruf an:<br>Alexandra St\u00f6hr, Schachenstr. 82, 66954 Pirmasens<br>Mail: dialog@stoehr-hr.de<br>&nbsp;<br>Das Widerrufsrecht erlischt, wenn wir mit der Ausf\u00fchrung der Leistung mit ausdr\u00fccklicher Zustimmung des Verbrauchers vor Ende der Widerrufsfrist begonnen hat oder der Verbraucher dies selbst veranlasst hat. Dieser Fall liegt insbesondere vor, wenn der Teilnehmer an dem Kurs teilnimmt oder als Repr\u00e4sentant oder Klient einen Offenen Aufstellungstag besucht.<br>Nach wirksamer Aus\u00fcbung des Widerrufsrechtes werden die beiderseits empfangenen Leistungen zur\u00fcckgew\u00e4hrt.<br>\u2013 Ende der Widerrufsbelehrung. \u2013<\/li>\n\n\n\n<li>Haftungsausschluss<br>Unsere Kurse und Dienstleistungen haben teilweise Selbsterfahrungscharakter und ersetzen keine Therapie. Die Teilnehmer \u00fcbernehmen die volle Verantwortung f\u00fcr ihre eigene psychische, emotionale und k\u00f6rperliche Belastbarkeit. Aus eventuellen Folgen k\u00f6nnen keine Anspr\u00fcche abgeleitet werden.<br>F\u00fcr Sch\u00e4den durch die Anwendung unserer Lerninhalte sowie f\u00fcr Diebstahl oder Unf\u00e4lle im Rahmen der Kurse \u00fcbernehmen wir keine Haftung.<\/li>\n\n\n\n<li>Sonstiges<br>Zus\u00e4tzliche Vereinbarungen bed\u00fcrfen der Schriftform. Sollten einzelne Vereinbarungen oder die gesamten AGB unwirksam sein oder werden, so treten an deren Stelle rechtsg\u00fcltige Vereinbarungen ein, die den unwirksamen am n\u00e4chsten kommen. Im Zweifelsfall gilt immer die derzeit g\u00fcltige Fassung des BGB. Erf\u00fcllungsort und Gerichtsstand ist f\u00fcr beide Teile Pirmasens. Korrespondenzsprache ist Deutsch.<br>Anti Sekten Erkl\u00e4rung<br>Wir erkl\u00e4ren hiermit, dass wir Sekten und Organisationsformen ablehnen, die zum Ziel haben Menschen durch bewusste Manipulation in Ihre Abh\u00e4ngigkeit zu bringen- ganz gleich, ob diese materieller, psychischer oder geistiger Art sind. Wir arbeiten nicht nach den Methoden von L. Ron Hubbard. Wir werden nicht nach den Methoden von L. Ron Hubbard geschult und werden auch k\u00fcnftig keine Kurse oder Schulungen dieser Art besuchen. Wir lehnen die Methoden von L. Ron Hubbard zur F\u00fchrung seines Unternehmens strikt ab.<br>&nbsp;<br>Wir best\u00e4tigen hiermit, dass wir keine Mitglieder der IAS (International Association of Scientologists), oder einer anderen Organisation, welche nach den Methoden von L. Ron Hubbard handelt, sind.<br>&nbsp;<br>F\u00fcr Inhouse-Seminare und Coaching-Auftr\u00e4ge gelten gesonderte AGB<\/li>\n<\/ol>\n","protected":false},"excerpt":{"rendered":"<p>Allgemeine Gesch\u00e4ftsbedingungen \u2013 Stand Januar 2018<\/p>\n","protected":false},"author":1,"featured_media":0,"parent":0,"menu_order":0,"comment_status":"closed","ping_status":"closed","template":"","meta":{"footnotes":""},"class_list":["post-350","page","type-page","status-publish","hentry"],"yoast_head":"<!-- This site is optimized with the Yoast SEO plugin v22.6 - https:\/\/yoast.com\/wordpress\/plugins\/seo\/ -->\n<title>AGB Seminare und Ausbildungen - Denkraum 42<\/title>\n<meta name=\"robots\" content=\"index, follow, max-snippet:-1, max-image-preview:large, max-video-preview:-1\" \/>\n<link rel=\"canonical\" href=\"https:\/\/denkraum42.de\/?page_id=350\" \/>\n<meta property=\"og:locale\" content=\"de_DE\" \/>\n<meta property=\"og:type\" content=\"article\" \/>\n<meta property=\"og:title\" content=\"AGB Seminare und Ausbildungen - Denkraum 42\" \/>\n<meta property=\"og:description\" content=\"Allgemeine Gesch\u00e4ftsbedingungen \u2013 Stand Januar 2018\" \/>\n<meta property=\"og:url\" content=\"https:\/\/denkraum42.de\/?page_id=350\" \/>\n<meta property=\"og:site_name\" content=\"Denkraum 42\" \/>\n<meta property=\"article:modified_time\" content=\"2025-03-16T16:10:33+00:00\" \/>\n<meta name=\"twitter:card\" content=\"summary_large_image\" \/>\n<meta name=\"twitter:label1\" content=\"Gesch\u00e4tzte Lesezeit\" \/>\n\t<meta name=\"twitter:data1\" content=\"9\u00a0Minuten\" \/>\n<script type=\"application\/ld+json\" class=\"yoast-schema-graph\">{\"@context\":\"https:\/\/schema.org\",\"@graph\":[{\"@type\":\"WebPage\",\"@id\":\"https:\/\/denkraum42.de\/?page_id=350\",\"url\":\"https:\/\/denkraum42.de\/?page_id=350\",\"name\":\"AGB Seminare und Ausbildungen - Denkraum 42\",\"isPartOf\":{\"@id\":\"https:\/\/denkraum42.de\/#website\"},\"datePublished\":\"2024-06-16T12:20:51+00:00\",\"dateModified\":\"2025-03-16T16:10:33+00:00\",\"breadcrumb\":{\"@id\":\"https:\/\/denkraum42.de\/?page_id=350#breadcrumb\"},\"inLanguage\":\"de\",\"potentialAction\":[{\"@type\":\"ReadAction\",\"target\":[\"https:\/\/denkraum42.de\/?page_id=350\"]}]},{\"@type\":\"BreadcrumbList\",\"@id\":\"https:\/\/denkraum42.de\/?page_id=350#breadcrumb\",\"itemListElement\":[{\"@type\":\"ListItem\",\"position\":1,\"name\":\"Startseite\",\"item\":\"https:\/\/denkraum42.de\/\"},{\"@type\":\"ListItem\",\"position\":2,\"name\":\"AGB Seminare und Ausbildungen\"}]},{\"@type\":\"WebSite\",\"@id\":\"https:\/\/denkraum42.de\/#website\",\"url\":\"https:\/\/denkraum42.de\/\",\"name\":\"Denkraum 42\",\"description\":\"Echte Transformation und integraler Wandel. Entwicklung evolution\u00e4r gestalten.\",\"publisher\":{\"@id\":\"https:\/\/denkraum42.de\/#organization\"},\"potentialAction\":[{\"@type\":\"SearchAction\",\"target\":{\"@type\":\"EntryPoint\",\"urlTemplate\":\"https:\/\/denkraum42.de\/?s={search_term_string}\"},\"query-input\":\"required name=search_term_string\"}],\"inLanguage\":\"de\"},{\"@type\":\"Organization\",\"@id\":\"https:\/\/denkraum42.de\/#organization\",\"name\":\"Denkraum 42\",\"url\":\"https:\/\/denkraum42.de\/\",\"logo\":{\"@type\":\"ImageObject\",\"inLanguage\":\"de\",\"@id\":\"https:\/\/denkraum42.de\/#\/schema\/logo\/image\/\",\"url\":\"https:\/\/denkraum42.de\/wp-content\/uploads\/2024\/05\/cropped-cropped-triskell-1193998_1920.png\",\"contentUrl\":\"https:\/\/denkraum42.de\/wp-content\/uploads\/2024\/05\/cropped-cropped-triskell-1193998_1920.png\",\"width\":250,\"height\":250,\"caption\":\"Denkraum 42\"},\"image\":{\"@id\":\"https:\/\/denkraum42.de\/#\/schema\/logo\/image\/\"}}]}<\/script>\n<!-- \/ Yoast SEO plugin. -->","yoast_head_json":{"title":"AGB Seminare und Ausbildungen - Denkraum 42","robots":{"index":"index","follow":"follow","max-snippet":"max-snippet:-1","max-image-preview":"max-image-preview:large","max-video-preview":"max-video-preview:-1"},"canonical":"https:\/\/denkraum42.de\/?page_id=350","og_locale":"de_DE","og_type":"article","og_title":"AGB Seminare und Ausbildungen - Denkraum 42","og_description":"Allgemeine Gesch\u00e4ftsbedingungen \u2013 Stand Januar 2018","og_url":"https:\/\/denkraum42.de\/?page_id=350","og_site_name":"Denkraum 42","article_modified_time":"2025-03-16T16:10:33+00:00","twitter_card":"summary_large_image","twitter_misc":{"Gesch\u00e4tzte Lesezeit":"9\u00a0Minuten"},"schema":{"@context":"https:\/\/schema.org","@graph":[{"@type":"WebPage","@id":"https:\/\/denkraum42.de\/?page_id=350","url":"https:\/\/denkraum42.de\/?page_id=350","name":"AGB Seminare und Ausbildungen - Denkraum 42","isPartOf":{"@id":"https:\/\/denkraum42.de\/#website"},"datePublished":"2024-06-16T12:20:51+00:00","dateModified":"2025-03-16T16:10:33+00:00","breadcrumb":{"@id":"https:\/\/denkraum42.de\/?page_id=350#breadcrumb"},"inLanguage":"de","potentialAction":[{"@type":"ReadAction","target":["https:\/\/denkraum42.de\/?page_id=350"]}]},{"@type":"BreadcrumbList","@id":"https:\/\/denkraum42.de\/?page_id=350#breadcrumb","itemListElement":[{"@type":"ListItem","position":1,"name":"Startseite","item":"https:\/\/denkraum42.de\/"},{"@type":"ListItem","position":2,"name":"AGB Seminare und Ausbildungen"}]},{"@type":"WebSite","@id":"https:\/\/denkraum42.de\/#website","url":"https:\/\/denkraum42.de\/","name":"Denkraum 42","description":"Echte Transformation und integraler Wandel. Entwicklung evolution\u00e4r gestalten.","publisher":{"@id":"https:\/\/denkraum42.de\/#organization"},"potentialAction":[{"@type":"SearchAction","target":{"@type":"EntryPoint","urlTemplate":"https:\/\/denkraum42.de\/?s={search_term_string}"},"query-input":"required name=search_term_string"}],"inLanguage":"de"},{"@type":"Organization","@id":"https:\/\/denkraum42.de\/#organization","name":"Denkraum 42","url":"https:\/\/denkraum42.de\/","logo":{"@type":"ImageObject","inLanguage":"de","@id":"https:\/\/denkraum42.de\/#\/schema\/logo\/image\/","url":"https:\/\/denkraum42.de\/wp-content\/uploads\/2024\/05\/cropped-cropped-triskell-1193998_1920.png","contentUrl":"https:\/\/denkraum42.de\/wp-content\/uploads\/2024\/05\/cropped-cropped-triskell-1193998_1920.png","width":250,"height":250,"caption":"Denkraum 42"},"image":{"@id":"https:\/\/denkraum42.de\/#\/schema\/logo\/image\/"}}]}},"_links":{"self":[{"href":"https:\/\/denkraum42.de\/index.php?rest_route=\/wp\/v2\/pages\/350","targetHints":{"allow":["GET"]}}],"collection":[{"href":"https:\/\/denkraum42.de\/index.php?rest_route=\/wp\/v2\/pages"}],"about":[{"href":"https:\/\/denkraum42.de\/index.php?rest_route=\/wp\/v2\/types\/page"}],"author":[{"embeddable":true,"href":"https:\/\/denkraum42.de\/index.php?rest_route=\/wp\/v2\/users\/1"}],"replies":[{"embeddable":true,"href":"https:\/\/denkraum42.de\/index.php?rest_route=%2Fwp%2Fv2%2Fcomments&post=350"}],"version-history":[{"count":2,"href":"https:\/\/denkraum42.de\/index.php?rest_route=\/wp\/v2\/pages\/350\/revisions"}],"predecessor-version":[{"id":590,"href":"https:\/\/denkraum42.de\/index.php?rest_route=\/wp\/v2\/pages\/350\/revisions\/590"}],"wp:attachment":[{"href":"https:\/\/denkraum42.de\/index.php?rest_route=%2Fwp%2Fv2%2Fmedia&parent=350"}],"curies":[{"name":"wp","href":"https:\/\/api.w.org\/{rel}","templated":true}]}}